digit of v?
5
Suppose -5*h - 2*s = -42, h = -3*h - 3*s + 35. Suppose 0 = 2*u - 12 - h. What is the units digit of u?
0
Let i(g) be the first derivative of g**4/4 + 3*g**3 + 3*g**2/2 - 6*g + 4. Let s be i(-9). Let k = -19 - s. What is the units digit of k?
4
Suppose q + 28 = 3*f, 10 = -0*f + f - q. Suppose -n + s - f = 0, s - 66 = 4*n + 3*s. Let i = n - -27. What is the units digit of i?
3
Suppose x = 5*g + 35, -6*g = -g + x + 25. Let f(n) = n + 7. What is the units digit of f(g)?
1
Suppose 0 = 4*j - 3 - 1. Suppose -o - j = -8. Suppose -9 - o = -4*f. What is the units digit of f?
4
Suppose -3*d + 0*d = 654. What is the tens digit of (-2)/8 - d/8?
2
Let c(d) = -d - 31. Let h be c(0). Let m = h + 44. Let k = m - -2. What is the units digit of k?
5
What is the units digit of (-441)/(-24)*6 + 2/(-8)?
0
Suppose 0 = -2*k - 2*n - 2, -5*k + n + 4*n + 35 = 0. Suppose -k - 2 = s, r = -s - 11. What is the units digit of 2*(-2)/8*r?
3
Let x = 104 + -94. What is the tens digit of x?
1
Let b = -27 - -20. Let a = 9 - b. What is the tens digit of a?
1
Let d(a) = -a**3 - 8*a**2 - 6*a - 8. Let p be d(-7). Let g = p + 35. What is the units digit of g?
0
Let i = 9 - 5. Suppose -2*k + 7*k + 2*b - 36 = 0, 3*k + i*b - 16 = 0. Let l = -4 + k. What is the units digit of l?
4
Suppose 0 = -5*t + t. What is the units digit of (t + 6/(-2))/(-1)?
3
Suppose 1 = h - 4. Let s(x) = x**2 - 2*x + 5. What is the tens digit of s(h)?
2
Let o be (1 - 3/1) + 5. Suppose 0 = o*s + k - 6 + 1, -25 = -3*s + 4*k. Suppose -2*f - s*f = -40. What is the units digit of f?
8
Let z be (1 - 2)/((-2)/120). Suppose 4*i = z + 40. What is the units digit of i?
5
Let m(r) = -r**2 - 7*r + 2. Suppose -16 = b + b. Let v be 4/b - (-26)/(-4). What is the units digit of m(v)?
2
Suppose 0 = -2*d + d + 6. Suppose 5*c + d = 21. Suppose -2*b + c = -5. What is the units digit of b?
4
What is the units digit of 0/2 + (58 - -9)?
7
Suppose r - 4 = -r. Let n be r/2 - 0 - 5. Let j = -2 - n. What is the units digit of j?
2
Suppose -2*a = 3*a - 90. Let b = -10 + a. Suppose -2*i = -3*i + b. What is the units digit of i?
8
Suppose -3*n = -6, -n = a - 2*n - 10. Let s = 23 - a. What is the units digit of s?
1
Let j = 228 - 98. What is the units digit of j?
0
Suppose 5 - 17 = -3*z. Suppose 3*w - 429 = c, -z*w + 4*c = 2*c - 572. Suppose 5*g - w = -58. What is the tens digit of g?
1
Suppose -3 = -3*n + 6. Suppose n*h + 4 = 7*h. What is the units digit of h?
1
Let o(v) = -v**2 + 3*v - 2. Let w be o(2). Suppose w*g = -g. Suppose g = k - 2 - 1. What is the units digit of k?
3
Suppose 5*p - 700 = -5*w, 2*w + 4*p = -0*p + 278. What is the hundreds digit of w?
1
Suppose 3*p - 2*o = -30, -p - 5*o = 3 - 10. Let k(n) = n**2 + 7*n - 6. Let l be k(p). What is the tens digit of ((-6)/15)/(l/(-70))?
1
Let d be 26/(-65) + (-36)/10. What is the units digit of 9 - (-2 - d) - 2?
5
Let c = -6 - -10. Let y = -8 + c. What is the units digit of 14/8 + (-1)/y?
2
Suppose -5*f + 3*f + 5*a + 3 = 0, -4*f + 5*a + 11 = 0. Let n be (-2)/((-2 + f)*1). What is the tens digit of n/(-1 + 9/10)?
1
Suppose 0 = 4*h + b - 11, -26 = -3*h - h + 2*b. Suppose -6*i - 12 = -4*i + h*w, -5*w - 15 = -4*i. Suppose i = -0*y - y + 4. What is the units digit of y?
4
Let f be (-2)/(-8) + (-22)/(-8). Suppose f*q - 60 = 30. Suppose -2*u + q = 3*u. What is the units digit of u?
6
Suppose 4*r - 3*g = -20 - 16, -5*g = 3*r + 56. What is the units digit of -4*(-2 + (-15)/r)?
3
Let p be 0*1/(1 - -1). Let j(c) = -c**2 + 2. Let t be j(p). Suppose t*l - 19 = -g, 2*l + 4*g = g + 29. What is the units digit of l?
7
What is the tens digit of (103/(-2))/((-1)/6)?
0
Suppose o = -0*c - 3*c - 4, -5*o - 3*c + 16 = 0. Suppose -3*b - 38 = -o*b. What is the units digit of b?
9
Suppose u = 4*v - 1271, v = 5*u - 9*u + 305. What is the hundreds digit of v?
3
Suppose -2*x + 7*x = 0. What is the units digit of 6 - (x - 0/2)?
6
Suppose 3*y - 4*a = -3*a + 10, -5*y + 4*a = -19. Suppose -2 = -2*w - 3*i, 0*w - y*w - i = -17. What is the units digit of w?
7
Let i = -16 + 5. Let x = i + 29. What is the units digit of x?
8
Let x = 377 - 196. What is the units digit of x?
1
Suppose 6*i = -4*n + 4*i + 636, -2*n + 5*i + 342 = 0. What is the tens digit of n?
6
Suppose 0 = p + 5 - 9. Suppose 0 = -5*n - 4*b + 111 - 19, 4*b = n - p. What is the tens digit of n?
1
Suppose 0 = q + 2 - 3, 0 = 4*o - 4*q + 12. Suppose l + 7 = 9. What is the units digit of (-4)/l*11/o?
1
Let u(n) be the second derivative of -2*n**3/3 - n**2 + 2*n. Let s be u(-4). Suppose -p + 3*p = s. What is the units digit of p?
7
Let h be -7*(51/(-21) + 2). Suppose -2*t - h + 11 = 0. What is the units digit of t?
4
Let b(g) = -g**3 + 5*g**2 + 10*g - 5. Let c be b(7). What is the units digit of -8 - c - 6/(-2)?
8
Let n = 12 - -5. What is the tens digit of n?
1
Let u(q) = 3*q - 3. Let o = -5 - 1. Let k = 9 + o. What is the units digit of u(k)?
6
Let l(t) = t - 5. Let s be l(4). What is the units digit of 1*(5 - (-2 + s))?
8
Let m(q) = -q. Let i be m(0). Suppose i - 24 = -4*k. What is the units digit of k?
6
Let g(w) = 4*w**3 + 2*w**2 - w. Let r be g(1). Suppose -4*u - 12 = -0*u - 4*d, 5 = -5*u - 5*d. Let k = u + r. What is the units digit of k?
3
Let g = 22 - 37. Let b = g + 23. What is the units digit of b?
8
Let x be (-76)/(-10) - (-4)/10. Let l = x - -10. What is the units digit of (l/(-15))/(9/(-30))?
4
Suppose 3*k = -0*k. Suppose 6 + k = 3*s. What is the units digit of s?
2
Suppose 0 = -4*c + 12. Suppose -5*z + 2*l + 67 = -46, 2*z = c*l + 43. Suppose -5*h + 2 + z = 0. What is the units digit of h?
5
Suppose 3*n - 15 = -3. Suppose 6 = c - n. What is the tens digit of c?
1
Suppose h = 3*h - 10. Suppose 5*l = -5*i + 55, -h*l + i + 31 = -2*i. What is the units digit of l?
8
Suppose 2*i - 6 + 20 = 0. Let p = i - -10. What is the units digit of p?
3
Suppose 57 + 179 = 4*v - 3*z, -5*v = -2*z - 288. What is the units digit of v?
6
Let w(g) be the first derivative of 5*g**2/2 + 2. Let r be w(2). Let p = r - 2. What is the units digit of p?
8
Let u(a) = 4*a + 1. Let k be u(3). Let x = k - 8. Suppose 2*o = x*o - 18. What is the units digit of o?
6
Let r(s) = s**3 + s + 1. Let c(w) = -2*w**3 - 5*w**2 + 2*w - 6. Let n(b) = c(b) + 3*r(b). What is the units digit of n(4)?
1
Suppose 4*h = 5*g - 8, 4*h - 6 - 2 = g. Let f(s) = 6*s**2 - 4*s + s - 5 - s - s**3. What is the units digit of f(g)?
1
Let a be -2 - 2*21/(-6). Let c = 21 + -17. Suppose -12 = -2*l - c*t, a*l - 5*t - 63 = -4*t. What is the tens digit of l?
1
Let z be (-4)/(-12) + 2/(-6). Suppose 3*q - 18 = -z*q. What is the units digit of q?
6
Let j = 112 + -40. Let p = j - 8. What is the units digit of p/11 + (-2)/(-11)?
6
Suppose 23 = m - 4*l, l + 36 = 2*m - 2*l. What is the tens digit of m?
1
Let i be 4/18 - (-931)/63. Let n(g) = g**3 + 5*g**2. Let w be n(-5). Suppose i = 3*f - w*f. What is the units digit of f?
5
Suppose -h + 4*h - 9 = 0. Let c(v) = v - 1. Let p be c(h). Suppose -a = 4*m - 31, -3*a - p*m + 23 = -4*m. What is the tens digit of a?
1
Suppose -2*q = -4*q, -q - 48 = -2*x. Suppose 3*t + t + x = 0. What is the tens digit of t*-2*15/18?
1
Let y(c) = 3*c**3. Suppose 2*b + 1 = -1. Let j be y(b). Let r(w) = -2*w - 1. What is the units digit of r(j)?
5
What is the units digit of ((-4)/6)/(16/(-504))?
1
Suppose -65 - 55 = -12*m. What is the tens digit of m?
1
Suppose 0 = 2*j - 5*j + 6. Suppose -4*g - 42 = -2*u, j*u - 5*g = 7 + 32. What is the units digit of u?
7
Let z(p) = -p**2 - 10*p - 11. Let d be z(-8). Suppose -d = -5*y + 5. What is the units digit of (-16)/(-12) - y/(-3)?
2
What is the tens digit of 8/(6/4 + -1)?
1
Suppose 106 = 8*v - 6*v. Let j = v - 36. What is the tens digit of j?
1
Let y(u) = -u**2 + u + 9. Let l = 2 - 2. What is the units digit of y(l)?
9
Suppose -2*g + 7*g + 4*p = 1306, 5*g - p = 1286. What is the hundreds digit of g?
2
What is the units digit of 2/(-9) - (-1664)/36 - -2?
8
Suppose -4*t - 4*u = -4, -11 = 2*u - 3. Let o be (t/15)/((-1)/(-87)). Suppose 5*d - o = 11. What is the units digit of d?
8
Suppose 4*w - 4*z = -12, -2*w - z - 2 = 1. Let i be ((-3)/5)/(w/10). Suppose -4 = -i*o + 2. What is the units digit of o?
2
Suppose -z + 5 = -2*d - 2*z, 3 = -3*z. Let s be 1/(-3)*(-8 - d). Suppose s*x + x = 18. What is the units digit of x?
6
Let r(k) = 6*k**2 - 3*k + 4. Let f be 